u) = -48*u + 2. Let j(m) = -8*a(m) - 3*k(m). What is the tens digit of j(o)?
9
Let q(g) = -3*g**3 + 119*g**2 - 75*g - 48. Let m be q(39). Suppose m*x - 62*x - 5516 = 0. What is the tens digit of x?
8
Suppose -3*h = 3*b + 2*b - 33, -2*b + 3*h + 9 = 0. What is the hundreds digit of 24/(0 - b) + 177?
1
Let a(m) = -1133*m - 6463. What is the thousands digit of a(-48)?
7
Let r(a) = 4*a - 20. Let c be r(6). Suppose -2*d - g + 246 = -0*d, g - c = 0. What is the tens digit of d?
2
Let u(v) = -10*v - 30. Let k(s) = -19*s - 62. Suppose -2*f + 12*f - 50 = 0. Let a(r) = f*u(r) - 3*k(r). What is the hundreds digit of a(24)?
2
Let g = 22 - 19. Suppose k = 5*j + 30, -2*k = -g*j - j - 30. Suppose 126 = k*q + 3*v, -16 = 4*v - 4. What is the units digit of q?
7
Suppose 59*f - 55*f + 2*h = 26966, 0 = 4*f + h - 26961. What is the units digit of f?
9
Suppose 84*r = 5*m + 83*r - 85310, 0 = m - 2*r - 17053. What is the thousands digit of m?
7
Suppose 5*i + 2*o - 15 = 30, -5*o = 0. Let m = -8 - -2. What is the units digit of (2/(m/(-15)))/(i/63)?
5
Let v = -94360 + 157641. What is the ten thousands digit of v?
6
Suppose 3*t + 594 = 4*h, 2*t - 8*h = -4*h - 396. Suppose 4*q = 7 + 5, -2*q - 894 = -3*f. Let z = t + f. What is the hundreds digit of z?
1
Let l = 9089 - 4460. What is the tens digit of l?
2
Let f = -103 + -37. Let y = f + 553. What is the hundreds digit of y?
4
Let g(f) = 3*f**2 + 6. Let q = -70 + 76. Let l be (20/(-6))/((-1)/q*4). What is the tens digit of g(l)?
8
Suppose 0 = -5*x + 3*g + 71162 - 13551, 9*g - 23075 = -2*x. What is the thousands digit of x?
1
Suppose 10*s + 1 = 9*s. What is the units digit of (-7 + (-9117)/27)/(s/3)?
4
What is the tens digit of (-11713)/(-2) + 29/(-58)?
5
Let s = 994 - 991. Let y(n) = 4*n**3 + n + 2 - 6*n - 3*n**2 + 2*n**3 - 4*n**3. What is the units digit of y(s)?
4
Suppose -6*i - 43798 = -111354 - 41440. What is the tens digit of i?
6
Suppose 25138 + 7948 = 2*l + 4*n, -3*n + 49629 = 3*l. What is the units digit of l?
3
Let l(r) = 4*r - 17. Let v(d) = d**2 - 16*d + 21. Let b be v(15). Let x be l(b). Let z(w) = 13*w - 14. What is the tens digit of z(x)?
7
Suppose 4*k + 43 - 7 = j, 0 = k. Let c = j - 26. What is the tens digit of 3/10*178 - 4/c?
5
What is the units digit of 646821/12 + ((-517)/44 - (-15 - -3))?
2
Suppose 0 = 4*u - 0*u - 404. Suppose 5*q - u = -4*d + 21, 4*d + 8 = 0. What is the tens digit of q - (-2 + 3 + 2)?
2
Let k(u) = -u**2 - 28*u + 1034. What is the tens digit of k(20)?
7
Let a(l) = l**3 + 35*l**2 + 66*l - 2. Let k be a(-33). What is the units digit of (226 - 3)*1*(-1 - k)?
3
Let p = -49150 - -128020. What is the ten thousands digit of p?
7
Suppose 22015 = 2*z - 3*b, -b - 1677 + 23704 = 2*z. Suppose -8*f + z = 2956. What is the units digit of f?
7
Suppose -3*j - 37*n + 42*n + 80349 = 0, 2*j - 53565 = 3*n. What is the hundreds digit of j?
7
Let m = 1338 - -5830. Suppose 76*n - m = 69*n. What is the thousands digit of n?
1
Let t = -32 + 39. Suppose -1337 = -t*i - 0*i. Let p = i + -94. What is the tens digit of p?
9
Let j be (-3 - -8 - -1)*(-10)/(-3). Suppose j*k = 5*k + 7485. What is the tens digit of k?
9
Let l = -2420 - -3773. Suppose 0 = 15*o - l - 3837. What is the tens digit of o?
4
Let v(f) = f**2 - 7*f - 5. Let b be v(9). Suppose 0 = -6*a - 7 + b. Suppose -3*l - 13 = -c, -c + 2*l + 18 = a. What is the tens digit of c?
2
Let b(f) = 34 + 79*f + 4 - 4*f - 77. What is the tens digit of b(5)?
3
Let v be (7 + (-3)/1)/(4/6). Let k(q) = 13*q + 2 - 6 - 12. What is the tens digit of k(v)?
6
Suppose 2*j - 2256 - 1748 = 5*i, 0 = 4*j - i - 8026. Suppose -c = -1, 4*n - j = -5*c - 554. What is the tens digit of n?
6
Suppose 0 = 2*x + 5*w - 82315, -w = 4*x - 107680 - 57013. What is the ten thousands digit of x?
4
Let r(q) = -8*q**3 - 7*q**2 + 6*q + 81. What is the units digit of r(-8)?
1
Let k(c) = -c**2 - 6*c - 1. Let g be k(-6). Let q = 200 + -100. Let v = g + q. What is the units digit of v?
9
Suppose 7*n - 9*n + v + 23720 = 0, 4*n - 47448 = -2*v. What is the thousands digit of n?
1
Let r = 6100 - -5687. What is the tens digit of r?
8
Suppose 0 = a, 5*i - 6*a + a - 85 = 0. Let x(h) = h**3 - 16*h**2 - 15*h - 5. Let g be x(i). Suppose -25*t = -g*t + 328. What is the tens digit of t?
8
Let w(p) = -11*p + 29. Suppose -4*v - v - 64 = 3*n, 2*n + 4*v = -42. What is the hundreds digit of w(n)?
2
Let j = -108 - -110. Suppose -s = j*s - 867. What is the tens digit of s?
8
Let l = 21859 + 2384. What is the units digit of l?
3
Let k(p) = 9*p**3 - 2*p + 42 - 91 + 45. Let v be k(3). Let d = v - 111. What is the units digit of d?
2
Let o(f) = f**3 - 16*f**2 - f - 14. Let d be o(16). What is the units digit of 422 + d/5 - 4?
2
What is the tens digit of (26/(-6))/((-41054)/(-1053) + -39)?
5
Let u(o) = 25*o**3 + 17*o**2 - 146*o + 9. What is the units digit of u(8)?
9
Let w = -747 - -752. Suppose 1048 - 5422 = -4*b - 2*k, -4*k + 5466 = w*b. What is the units digit of b?
4
Suppose 9*n + 7 = 10*n. Suppose 5*o - n = 3. Suppose -o*x + 4*z + 330 = 0, x + 4*z = -z + 144. What is the tens digit of x?
5
Suppose 13*n - 583624 - 19609 = -28*n. What is the ten thousands digit of n?
1
What is the thousands digit of ((-22816)/10)/(-2) + 1/5?
1
Suppose 6*r + 1221 = -1719. What is the units digit of ((-3)/4)/(2/(2 + r))?
3
Let w(q) = -q**3 - 7*q**2 - 11*q - 7. Let y(f) = f + 11. Let r be y(-16). Let k be w(r). What is the units digit of (9/(-4) - k) + (-685)/(-20)?
4
Let k = 6462 - 2376. What is the thousands digit of k?
4
What is the tens digit of 84910/56*4*38/5?
9
Let d(m) = 117*m + 1971. What is the units digit of d(69)?
4
Suppose -7*z + 9577 = 17*z - 5639. What is the units digit of z?
4
Let i = -1254 + 1191. Suppose 1 + 0 = -x. Let y = x - i. What is the units digit of y?
2
Let d(k) be the first derivative of -k**4/6 + 29*k**3/6 + 9*k**2/2 + 23*k - 22. Let h(r) be the first derivative of d(r). What is the tens digit of h(13)?
4
Let f = -63 + 245. Suppose -4*k + h - 6*h = -f, -5*k - 3*h = -234. What is the units digit of k?
8
What is the thousands digit of -6 - (-5536 - (0 - (9 + -1)))?
5
Let q be (-1)/(-2)*2*(7 - -4). Let g(i) = -3 + 0*i + 4*i - q. What is the tens digit of g(15)?
4
Suppose -v = 9 - 11. Suppose -s + z = -4*s - 11, 14 = -v*s - 4*z. What is the units digit of 8/(s/((-30)/4))?
0
What is the units digit of (-20)/(-25)*180/(-24) - -8672?
6
Let t = -2117 + 3831. Suppose 0 = -8*q + t + 134. Suppose -55*v - q = -58*v. What is the units digit of v?
7
What is the units digit of ((-16299)/(-12))/((-51)/(-68))?
1
Let u(q) = -q**3 - 11*q**2 + 19*q - 1. Suppose 16*h = 12*h + 848. Let y be 2/8 - h/16. What is the units digit of u(y)?
0
Suppose -49*n + 35960 = 9*n. Suppose n*h + 114 = 621*h. What is the hundreds digit of h?
1
Let j(r) = r**3 + 2*r**2 - 2*r - 3. Let p be j(-3). Let t(d) be the first derivative of -d**3/3 - 23*d**2/2 + 8*d + 9. What is the units digit of t(p)?
0
Let b = 5132 - -2509. What is the units digit of b?
1
Let u(v) = -2*v**3 + 16*v**2 - 11*v - 17. Let b be u(7). What is the hundreds digit of (-42460)/(-100) - -1*b/10?
4
Suppose o + y + 4 = 0, -y + 2 = -3*o - 2. Suppose -3*g + 4*g - 10 = -4*w, g + 2*w = 10. What is the tens digit of (o/g)/(2/(-2570))?
5
Let i = 78 + -75. What is the tens digit of -1 + 772/i - (-12)/18?
5
What is the tens digit of 439*((-4)/(-72)*-3 + 316/24)?
0
Let v be (-27)/4 + 21/28. What is the hundreds digit of 28/v*6/16*-216?
3
Let k = 720 + -620. What is the tens digit of 22/(-275) + 91008/k?
1
Let t = 16208 + -1699. What is the thousands digit of t?
4
Suppose 2*n = 2362 + 5784. Suppose -5*g - n = -5*i - 9*g, -5*i + 4*g = -4057. What is the tens digit of i?
1
Let l(h) be the first derivative of 4*h**3/3 - 8*h**2 - 39*h + 28. What is the hundreds digit of l(-7)?
2
Let s(g) = -g - 8. Let k be s(-11). Suppose k*t = 13*t - 4260. Suppose -29*a + 26*a + t = 0. What is the hundreds digit of a?
1
Suppose 0 = c + p + 13, -2*c - p = -7 + 31. Let h be (-99)/c*2/(-6). What is the units digit of (h - (1 - -54))*-2?
6
Suppose -370 = 5*t + 975. Let o = 973 + t. What is the tens digit of o?
0
Let r = 401 + 3291. Let m = -1951 + r. What is the tens digit of m?
4
Let q(z) = -16*z + 32. Let m be q(19). What is the hundreds digit of m/(-2) + (14 - 10)?
1
Let x(d) = -17 + 2*d + 2*d**2 + 2*d**2 + 4*d**3 - 6*d